9939.
3, 13, 107, 8543
List the prime factors of 4800008487.
3, 1600002829
List the prime factors of 3165135569.
89, 109, 509, 641
List the prime factors of 107682708.
2, 3, 7, 1281937
List the prime factors of 2078643952.
2, 7, 11, 23, 109, 673
What are the prime factors of 37181436?
2, 3, 3098453
List the prime factors of 2988704385.
3, 5, 47, 199, 263
List the prime factors of 1948316476.
2, 23, 21177353
List the prime factors of 1612086487.
11, 173, 847129
What are the prime factors of 574114639?
7, 82016377
List the prime factors of 587819239.
7, 163, 73597
What are the prime factors of 261340064?
2, 2287, 3571
List the prime factors of 5583887702.
2, 15679, 178069
What are the prime factors of 1625318673?
3, 11, 49252081
List the prime factors of 1377009946.
2, 13, 127, 417023
List the prime factors of 21049930.
2, 5, 11, 31, 6173
List the prime factors of 11365646.
2, 191, 29753
What are the prime factors of 5435172277?
733, 7414969
List the prime factors of 127940981.
7, 18277283
List the prime factors of 45338107.
29, 229, 6827
List the prime factors of 250147987.
113, 2213699
List the prime factors of 5351208933.
3, 7, 31, 8219983
What are the prime factors of 575585882?
2, 839, 343019
What are the prime factors of 65760647?
65760647
What are the prime factors of 705347714?
2, 17, 59, 241, 1459
List the prime factors of 83098229.
19, 230189
What are the prime factors of 36350961?
3, 12116987
List the prime factors of 208754941.
103, 877, 2311
What are the prime factors of 5280501929?
5280501929
List the prime factors of 24401986.
2, 7, 1742999
List the prime factors of 946983403.
211, 4488073
List the prime factors of 58190722.
2, 383, 75967
What are the prime factors of 204602878?
2, 102301439
What are the prime factors of 348106234?
2, 7, 89, 491, 569
What are the prime factors of 729212836?
2, 11, 197, 84127
List the prime factors of 1948643357.
17783, 109579
What are the prime factors of 46558005?
3, 5, 13, 238759
List the prime factors of 455002247.
7, 65000321
What are the prime factors of 101268049?
101268049
What are the prime factors of 1657091146?
2, 29, 223, 128119
What are the prime factors of 1299077371?
1299077371
What are the prime factors of 973627306?
2, 23, 21165811
What are the prime factors of 53941560?
2, 3, 5, 37, 12149
List the prime factors of 5620077713.
113, 49735201
What are the prime factors of 7201511570?
2, 5, 11, 65468287
List the prime factors of 107058342.
2, 3, 17843057
List the prime factors of 1494349993.
71, 21047183
What are the prime factors of 1254882694?
2, 13, 48264719
List the prime factors of 68836231.
167, 412193
What are the prime factors of 13291294?
2, 1567, 4241
List the prime factors of 22920002.
2, 7, 587, 2789
What are the prime factors of 124665631?
19, 2131, 3079
List the prime factors of 26200271.
41, 79, 8089
What are the prime factors of 23048673?
3, 7682891
List the prime factors of 92182978.
2, 1297, 35537
What are the prime factors of 710992783?
710992783
What are the prime factors of 982451500?
2, 5, 701, 2803
What are the prime factors of 117937529?
117937529
What are the prime factors of 940718083?
127, 7407229
What are the prime factors of 35646421?
35646421
List the prime factors of 1019748380.
2, 5, 7, 1597, 4561
List the prime factors of 305106944.
2, 74489
What are the prime factors of 3891821698?
2, 73, 5147, 5179
List the prime factors of 532043984.
2, 859, 38711
What are the prime factors of 483128860?
2, 5, 24156443
List the prime factors of 20590829.
7, 420221
What are the prime factors of 4284954815?
5, 856990963
List the prime factors of 54148726.
2, 101, 268063
List the prime factors of 55956579.
3, 7, 380657
List the prime factors of 4092414.
2, 3, 682069
List the prime factors of 16573227.
3, 11, 173, 2903
List the prime factors of 1546023236.
2, 19, 20342411
What are the prime factors of 97277377?
109, 881, 1013
List the prime factors of 75759458.
2, 5351, 7079
List the prime factors of 4012679652.
2, 3, 334389971
List the prime factors of 40159029.
3, 13386343
What are the prime factors of 165711509?
331, 683, 733
What are the prime factors of 166433940?
2, 3, 5, 71, 1447
List the prime factors of 80146585.
5, 17, 942901
List the prime factors of 222458868.
2, 3, 6179413
What are the prime factors of 133922791?
4547, 29453
List the prime factors of 942122670.
2, 3, 5, 73, 430193
List the prime factors of 1071313594.
2, 13, 19, 2168651
What are the prime factors of 1114179346?
2, 7, 41, 277297
What are the prime factors of 1870662405?
3, 5, 17, 7335931
What are the prime factors of 1630357486?
2, 53, 15380731
List the prime factors of 158696856.
2, 3, 101, 139, 157
What are the prime factors of 5436932452?
2, 7, 17, 11422127
What are the prime factors of 1542604667?
17, 90741451
List the prime factors of 81349298.
2, 19, 23, 93077
List the prime factors of 2421939720.
2, 3, 5, 20182831
What are the prime factors of 506412923?
2953, 171491
What are the prime factors of 69880137?
3, 23293379
What are the prime factors of 3477113?
3477113
What are the prime factors of 482740411?
173, 2790407
List the prime factors of 3590459319.
3, 277, 557, 7757
List the prime factors of 3492167401.
137, 347, 73459
What are the prime factors of 1306215900?
2, 3, 5, 11, 131941
What are the prime factors of 126426991?
1151, 109841
List the prime factors of 3391418935.
5, 41, 2141, 7727
What are the prime factors of 8703964?
2, 2175991
What are the prime factors of 387180977?
73, 5303849
What are the prime factors of 67667906?
2, 33833953
What are the prime factors of 592645429?
592645429
What are the prime factors of 355395570?
2, 3, 5, 19, 421, 1481
List the prime factors of 189267491.
7, 109, 248057
List the prime factors of 194528804.
2, 523, 92987
List the prime factors of 9096591.
3, 7, 71, 6101
What are the prime factors of 1843954112?
2, 7, 11, 13, 107, 269
List the prime factors of 62047020.
2, 3, 5, 7, 97, 1523
List the prime factors of 24368526.
2, 3, 7, 13, 19, 29
List the prime factors of 12765376.
2, 13, 67, 229
List the prime factors of 50689591.
50689591
List the prime factors of 18322311.
3, 7, 17, 3019
What are the prime factors of 63934240?
2, 5, 19, 21031
What are the prime factors of 255479937?
3, 29, 2936551
What are the prime factors of 2870919937?
2851, 1006987
List the prime factors of 231665330.
2, 5, 13, 109, 16349
List the prime factors of 552541952.
2, 2158367
What are the prime factors of 71301489?
3, 7, 3395309
List the prime factors of 455831271.
3, 7, 1033631
What are the prime factors of 42533995?
5, 7, 79, 15383
List the prime factors of 1719645362.
2, 89, 277, 34877
What are the prime factors of 876840239?
11, 31, 151, 17029
List the prime factors of 28609822.
2, 2591, 5521
List the prime factors of 1437594825.
3, 5, 1193, 16067
List the prime factors of 1407681064.
2, 175960133
List the prime factors of 54315443.
7, 13, 23, 25951
What are the prime factors of 10181252?
2, 2545313
List the prime factors of 24091246.
2, 12045623
What are the prime factors of 673813762?
2, 41, 8217241
List the prime factors of 78882571.
23, 283, 12119
List the prime factors of 2062104316.
2, 1283, 401813
What are the prime factors of 1442022974?
2, 7, 19, 43, 139, 907
What are the prime factors of 676868690?
2, 5, 3407, 19867
List the prime factors of 73369006.
2, 1493, 24571
What are the prime factors of 982930604?
2, 37, 167, 39769
List the prime factors of 19824074.
2, 17, 41, 14221
What are the prime factors of 296267?
19, 31, 503
What are the prime factors of 61628947?
61628947
List the prime factors of 604055383.
604055383
What are the prime factors of 1044244976?
2, 65265311
List the prime factors of 775004185.
5, 31, 241, 20747
List the prime factors of 2187154062.
2, 3, 4500317
What are the prime factors of 3455946984?
2, 3, 7, 1721, 11953
What are the prime factors of 98224763?
7, 13, 271, 569
What are the prime factors of 2604214877?
11, 29, 742153
List the prime factors of 1353451962.
2, 3, 1087, 207521
What are the prime factors of 961352901?
3, 35605663
List the prime factors of 879343281.
3, 97704809
List the prime factors of 114527182.
2, 7, 11, 569, 1307
What are the prime factors of 5295101349?
3, 1765033783
What are the prime factors of 